{"id":68,"date":"2022-01-21T21:52:10","date_gmt":"2022-01-21T21:52:10","guid":{"rendered":"https:\/\/summercamp.wordifysites.com\/?page_id=68"},"modified":"2024-09-03T16:02:08","modified_gmt":"2024-09-03T19:02:08","slug":"inicio","status":"publish","type":"page","link":"https:\/\/friburgostreetblues.com.br\/","title":{"rendered":"In\u00edcio"},"content":{"rendered":"<div class=\"gb-container gb-container-6508c824\"><div class=\"gb-inside-container\">\n\n<p class=\"gb-headline gb-headline-59154c96 gb-headline-text\"><em>Grandes nomes locais e nacionais<\/em> no<\/p>\n\n\n\n<h1 class=\"gb-headline gb-headline-e06570c3 gb-headline-text\">MAIOR FESTIVAL<\/h1>\n\n\n\n<p class=\"gb-headline gb-headline-a760e56f gb-headline-text\"><em>serrano do g\u00eanero<\/em>!<\/p>\n\n<\/div><div class=\"gb-shapes\"><div class=\"gb-shape gb-shape-1\"><svg xmlns=\"http:\/\/www.w3.org\/2000\/svg\" viewBox=\"0 0 1200 217.3\" preserveAspectRatio=\"none\"><path d=\"M1200 195.6l-25-22.2c-25-21.9-75-66.9-125-75.5-50-8.9-100 17.8-150 26.7-50 8.6-100 .2-150-13.3-50-13.1-100-31.4-150-26.7-50 4.4-100 31.1-150 26.7-50-4.8-100-39.8-150-66.7C250 18.1 200-.2 150 0 100-.2 50 18.1 25 26.7L0 35.6v181.7h1200v-21.7z\"\/><\/svg><\/div><\/div><\/div>\n\n<div class=\"gb-container gb-container-d1df43a6\" id=\"evento\"><div class=\"gb-inside-container\">\n<div class=\"gb-grid-wrapper gb-grid-wrapper-323b48b4\">\n<div class=\"gb-grid-column gb-grid-column-b17c9cdf\"><div class=\"gb-container gb-container-b17c9cdf\"><div class=\"gb-inside-container\">\n<div class=\"wp-block-image\">\n<figure class=\"aligncenter size-large\"><img fetchpriority=\"high\" decoding=\"async\" width=\"1024\" height=\"684\" src=\"https:\/\/friburgostreetblues.com.br\/wp-content\/uploads\/2023\/03\/Unimed-FriburgoStreetBlues-2022-647-1024x684.jpg\" alt=\"\" class=\"wp-image-717\" srcset=\"https:\/\/friburgostreetblues.com.br\/wp-content\/uploads\/2023\/03\/Unimed-FriburgoStreetBlues-2022-647-1024x684.jpg 1024w, https:\/\/friburgostreetblues.com.br\/wp-content\/uploads\/2023\/03\/Unimed-FriburgoStreetBlues-2022-647-300x200.jpg 300w, https:\/\/friburgostreetblues.com.br\/wp-content\/uploads\/2023\/03\/Unimed-FriburgoStreetBlues-2022-647-768x513.jpg 768w, https:\/\/friburgostreetblues.com.br\/wp-content\/uploads\/2023\/03\/Unimed-FriburgoStreetBlues-2022-647-1536x1025.jpg 1536w, https:\/\/friburgostreetblues.com.br\/wp-content\/uploads\/2023\/03\/Unimed-FriburgoStreetBlues-2022-647-2048x1367.jpg 2048w\" sizes=\"(max-width: 1024px) 100vw, 1024px\" \/><\/figure><\/div>\n<\/div><\/div><\/div>\n\n<div class=\"gb-grid-column gb-grid-column-09fcb7a5\"><div class=\"gb-container gb-container-09fcb7a5\"><div class=\"gb-inside-container\">\n\n<p class=\"has-base-2-color has-text-color\">Queremos disseminar a cultura atrav\u00e9s da m\u00fasica e o Blues ser\u00e1 o nosso instrumento. <\/p>\n\n\n\n<p class=\"has-base-2-color has-text-color\">Carregado de hist\u00f3ria e, at\u00e9 hoje, a maior influ\u00eancia para grandes artistas, o Blues \u00e9, provavelmente, o g\u00eanero musical mais respeitado no mundo.<br><br><strong>Em outubro de 2024, Friburgo receber\u00e1 renomados artistas nacionais, al\u00e9m de dar oportunidades para diversos m\u00fasicos locais. <\/strong><\/p>\n\n\n\n<p class=\"has-base-2-color has-text-color\">Ser\u00e1 a <strong>segunda edi\u00e7\u00e3o <\/strong>do<strong> Friburgo Street Blues<\/strong>, uma apresenta\u00e7\u00e3o da <strong>Unimed Serrana RJ<\/strong>, invadindo mais uma vez as ruas do <strong>Espa\u00e7o Arp<\/strong>, o empreendimento multiuso refer\u00eancia na regi\u00e3o.<\/p>\n\n\n\n<p class=\"has-base-2-color has-text-color\">Um dia de imers\u00e3o com muita hist\u00f3ria, som de qualidade, interven\u00e7\u00f5es art\u00edsticas, gastronomia e entretenimento.<\/p>\n\n<\/div><\/div><\/div>\n<\/div>\n<\/div><\/div>\n\n<div class=\"gb-container gb-container-e9c92787\" id=\"programacao\"><div class=\"gb-inside-container\">\n\n<div style=\"height:40px\" aria-hidden=\"true\" class=\"wp-block-spacer\"><\/div>\n\n\n\n<div class=\"wp-block-columns is-layout-flex wp-container-core-columns-is-layout-1 wp-block-columns-is-layout-flex\">\n<div class=\"wp-block-column is-layout-flow wp-block-column-is-layout-flow\">\n<figure class=\"wp-block-image size-large\"><img decoding=\"async\" width=\"1024\" height=\"684\" src=\"https:\/\/friburgostreetblues.com.br\/wp-content\/uploads\/2023\/03\/Unimed-FriburgoStreetBlues-2022-593-1024x684.jpg\" alt=\"\" class=\"wp-image-718\" srcset=\"https:\/\/friburgostreetblues.com.br\/wp-content\/uploads\/2023\/03\/Unimed-FriburgoStreetBlues-2022-593-1024x684.jpg 1024w, https:\/\/friburgostreetblues.com.br\/wp-content\/uploads\/2023\/03\/Unimed-FriburgoStreetBlues-2022-593-300x200.jpg 300w, https:\/\/friburgostreetblues.com.br\/wp-content\/uploads\/2023\/03\/Unimed-FriburgoStreetBlues-2022-593-768x513.jpg 768w, https:\/\/friburgostreetblues.com.br\/wp-content\/uploads\/2023\/03\/Unimed-FriburgoStreetBlues-2022-593-1536x1025.jpg 1536w, https:\/\/friburgostreetblues.com.br\/wp-content\/uploads\/2023\/03\/Unimed-FriburgoStreetBlues-2022-593-2048x1367.jpg 2048w\" sizes=\"(max-width: 1024px) 100vw, 1024px\" \/><\/figure>\n<\/div>\n\n\n\n<div class=\"wp-block-column is-layout-flow wp-block-column-is-layout-flow\">\n<figure class=\"wp-block-image size-large\"><img decoding=\"async\" width=\"1024\" height=\"684\" src=\"https:\/\/friburgostreetblues.com.br\/wp-content\/uploads\/2023\/03\/Unimed-FriburgoStreetBlues-2022-844-1024x684.jpg\" alt=\"\" class=\"wp-image-719\" srcset=\"https:\/\/friburgostreetblues.com.br\/wp-content\/uploads\/2023\/03\/Unimed-FriburgoStreetBlues-2022-844-1024x684.jpg 1024w, https:\/\/friburgostreetblues.com.br\/wp-content\/uploads\/2023\/03\/Unimed-FriburgoStreetBlues-2022-844-300x200.jpg 300w, https:\/\/friburgostreetblues.com.br\/wp-content\/uploads\/2023\/03\/Unimed-FriburgoStreetBlues-2022-844-768x513.jpg 768w, https:\/\/friburgostreetblues.com.br\/wp-content\/uploads\/2023\/03\/Unimed-FriburgoStreetBlues-2022-844-1536x1025.jpg 1536w, https:\/\/friburgostreetblues.com.br\/wp-content\/uploads\/2023\/03\/Unimed-FriburgoStreetBlues-2022-844-2048x1367.jpg 2048w\" sizes=\"(max-width: 1024px) 100vw, 1024px\" \/><\/figure>\n<\/div>\n\n\n\n<div class=\"wp-block-column is-layout-flow wp-block-column-is-layout-flow\">\n<figure class=\"wp-block-image size-large\"><img loading=\"lazy\" decoding=\"async\" width=\"1024\" height=\"684\" src=\"https:\/\/friburgostreetblues.com.br\/wp-content\/uploads\/2023\/03\/Unimed-FriburgoStreetBlues-2022-646-1024x684.jpg\" alt=\"\" class=\"wp-image-720\" srcset=\"https:\/\/friburgostreetblues.com.br\/wp-content\/uploads\/2023\/03\/Unimed-FriburgoStreetBlues-2022-646-1024x684.jpg 1024w, https:\/\/friburgostreetblues.com.br\/wp-content\/uploads\/2023\/03\/Unimed-FriburgoStreetBlues-2022-646-300x200.jpg 300w, https:\/\/friburgostreetblues.com.br\/wp-content\/uploads\/2023\/03\/Unimed-FriburgoStreetBlues-2022-646-768x513.jpg 768w, https:\/\/friburgostreetblues.com.br\/wp-content\/uploads\/2023\/03\/Unimed-FriburgoStreetBlues-2022-646-1536x1025.jpg 1536w, https:\/\/friburgostreetblues.com.br\/wp-content\/uploads\/2023\/03\/Unimed-FriburgoStreetBlues-2022-646-2048x1367.jpg 2048w\" sizes=\"(max-width: 1024px) 100vw, 1024px\" \/><\/figure>\n<\/div>\n<\/div>\n\n<\/div><\/div>","protected":false},"excerpt":{"rendered":"<p>Grandes nomes locais e nacionais no MAIOR FESTIVAL serrano do g\u00eanero!<\/p>\n","protected":false},"author":1,"featured_media":0,"parent":0,"menu_order":0,"comment_status":"closed","ping_status":"closed","template":"","meta":{"om_disable_all_campaigns":false,"_monsterinsights_skip_tracking":false,"_monsterinsights_sitenote_active":false,"_monsterinsights_sitenote_note":"","_monsterinsights_sitenote_category":0,"footnotes":""},"class_list":["post-68","page","type-page","status-publish"],"aioseo_notices":[],"_links":{"self":[{"href":"https:\/\/friburgostreetblues.com.br\/index.php\/wp-json\/wp\/v2\/pages\/68"}],"collection":[{"href":"https:\/\/friburgostreetblues.com.br\/index.php\/wp-json\/wp\/v2\/pages"}],"about":[{"href":"https:\/\/friburgostreetblues.com.br\/index.php\/wp-json\/wp\/v2\/types\/page"}],"author":[{"embeddable":true,"href":"https:\/\/friburgostreetblues.com.br\/index.php\/wp-json\/wp\/v2\/users\/1"}],"replies":[{"embeddable":true,"href":"https:\/\/friburgostreetblues.com.br\/index.php\/wp-json\/wp\/v2\/comments?post=68"}],"version-history":[{"count":32,"href":"https:\/\/friburgostreetblues.com.br\/index.php\/wp-json\/wp\/v2\/pages\/68\/revisions"}],"predecessor-version":[{"id":744,"href":"https:\/\/friburgostreetblues.com.br\/index.php\/wp-json\/wp\/v2\/pages\/68\/revisions\/744"}],"wp:attachment":[{"href":"https:\/\/friburgostreetblues.com.br\/index.php\/wp-json\/wp\/v2\/media?parent=68"}],"curies":[{"name":"wp","href":"https:\/\/api.w.org\/{rel}","templated":true}]}}

Início

<div class="gb-container gb-container-6508c824"><div class="gb-inside-container">

<p class="gb-headline gb-headline-59154c96 gb-headline-text"><em>Grandes nomes locais e nacionais</em> no</p>



<h1 class="gb-headline gb-headline-e06570c3 gb-headline-text">MAIOR FESTIVAL</h1>



<p class="gb-headline gb-headline-a760e56f gb-headline-text"><em>serrano do gênero</em>!</p>

</div><div class="gb-shapes"><div class="gb-shape gb-shape-1"><svg xmlns="http://www.w3.org/2000/svg" viewBox="0 0 1200 217.3" preserveAspectRatio="none"><path d="M1200 195.6l-25-22.2c-25-21.9-75-66.9-125-75.5-50-8.9-100 17.8-150 26.7-50 8.6-100 .2-150-13.3-50-13.1-100-31.4-150-26.7-50 4.4-100 31.1-150 26.7-50-4.8-100-39.8-150-66.7C250 18.1 200-.2 150 0 100-.2 50 18.1 25 26.7L0 35.6v181.7h1200v-21.7z"/></svg></div></div></div>

<div class="gb-container gb-container-d1df43a6" id="evento"><div class="gb-inside-container">
<div class="gb-grid-wrapper gb-grid-wrapper-323b48b4">
<div class="gb-grid-column gb-grid-column-b17c9cdf"><div class="gb-container gb-container-b17c9cdf"><div class="gb-inside-container">
<div class="wp-block-image">
<figure class="aligncenter size-large"><img fetchpriority="high" decoding="async" width="1024" height="684" src="https://friburgostreetblues.com.br/wp-content/uploads/2023/03/Unimed-FriburgoStreetBlues-2022-647-1024x684.jpg" alt="" class="wp-image-717" srcset="https://friburgostreetblues.com.br/wp-content/uploads/2023/03/Unimed-FriburgoStreetBlues-2022-647-1024x684.jpg 1024w, https://friburgostreetblues.com.br/wp-content/uploads/2023/03/Unimed-FriburgoStreetBlues-2022-647-300x200.jpg 300w, https://friburgostreetblues.com.br/wp-content/uploads/2023/03/Unimed-FriburgoStreetBlues-2022-647-768x513.jpg 768w, https://friburgostreetblues.com.br/wp-content/uploads/2023/03/Unimed-FriburgoStreetBlues-2022-647-1536x1025.jpg 1536w, https://friburgostreetblues.com.br/wp-content/uploads/2023/03/Unimed-FriburgoStreetBlues-2022-647-2048x1367.jpg 2048w" sizes="(max-width: 1024px) 100vw, 1024px" /></figure></div>
</div></div></div>

<div class="gb-grid-column gb-grid-column-09fcb7a5"><div class="gb-container gb-container-09fcb7a5"><div class="gb-inside-container">

<p class="has-base-2-color has-text-color">Queremos disseminar a cultura através da música e o Blues será o nosso instrumento. </p>



<p class="has-base-2-color has-text-color">Carregado de história e, até hoje, a maior influência para grandes artistas, o Blues é, provavelmente, o gênero musical mais respeitado no mundo.<br><br><strong>Em outubro de 2024, Friburgo receberá renomados artistas nacionais, além de dar oportunidades para diversos músicos locais. </strong></p>



<p class="has-base-2-color has-text-color">Será a <strong>segunda edição </strong>do<strong> Friburgo Street Blues</strong>, uma apresentação da <strong>Unimed Serrana RJ</strong>, invadindo mais uma vez as ruas do <strong>Espaço Arp</strong>, o empreendimento multiuso referência na região.</p>



<p class="has-base-2-color has-text-color">Um dia de imersão com muita história, som de qualidade, intervenções artísticas, gastronomia e entretenimento.</p>

</div></div></div>
</div>
</div></div>

<div class="gb-container gb-container-e9c92787" id="programacao"><div class="gb-inside-container">

<div style="height:40px" aria-hidden="true" class="wp-block-spacer"></div>



<div class="wp-block-columns is-layout-flex wp-container-core-columns-is-layout-1 wp-block-columns-is-layout-flex">
<div class="wp-block-column is-layout-flow wp-block-column-is-layout-flow">
<figure class="wp-block-image size-large"><img decoding="async" width="1024" height="684" src="https://friburgostreetblues.com.br/wp-content/uploads/2023/03/Unimed-FriburgoStreetBlues-2022-593-1024x684.jpg" alt="" class="wp-image-718" srcset="https://friburgostreetblues.com.br/wp-content/uploads/2023/03/Unimed-FriburgoStreetBlues-2022-593-1024x684.jpg 1024w, https://friburgostreetblues.com.br/wp-content/uploads/2023/03/Unimed-FriburgoStreetBlues-2022-593-300x200.jpg 300w, https://friburgostreetblues.com.br/wp-content/uploads/2023/03/Unimed-FriburgoStreetBlues-2022-593-768x513.jpg 768w, https://friburgostreetblues.com.br/wp-content/uploads/2023/03/Unimed-FriburgoStreetBlues-2022-593-1536x1025.jpg 1536w, https://friburgostreetblues.com.br/wp-content/uploads/2023/03/Unimed-FriburgoStreetBlues-2022-593-2048x1367.jpg 2048w" sizes="(max-width: 1024px) 100vw, 1024px" /></figure>
</div>



<div class="wp-block-column is-layout-flow wp-block-column-is-layout-flow">
<figure class="wp-block-image size-large"><img decoding="async" width="1024" height="684" src="https://friburgostreetblues.com.br/wp-content/uploads/2023/03/Unimed-FriburgoStreetBlues-2022-844-1024x684.jpg" alt="" class="wp-image-719" srcset="https://friburgostreetblues.com.br/wp-content/uploads/2023/03/Unimed-FriburgoStreetBlues-2022-844-1024x684.jpg 1024w, https://friburgostreetblues.com.br/wp-content/uploads/2023/03/Unimed-FriburgoStreetBlues-2022-844-300x200.jpg 300w, https://friburgostreetblues.com.br/wp-content/uploads/2023/03/Unimed-FriburgoStreetBlues-2022-844-768x513.jpg 768w, https://friburgostreetblues.com.br/wp-content/uploads/2023/03/Unimed-FriburgoStreetBlues-2022-844-1536x1025.jpg 1536w, https://friburgostreetblues.com.br/wp-content/uploads/2023/03/Unimed-FriburgoStreetBlues-2022-844-2048x1367.jpg 2048w" sizes="(max-width: 1024px) 100vw, 1024px" /></figure>
</div>



<div class="wp-block-column is-layout-flow wp-block-column-is-layout-flow">
<figure class="wp-block-image size-large"><img loading="lazy" decoding="async" width="1024" height="684" src="https://friburgostreetblues.com.br/wp-content/uploads/2023/03/Unimed-FriburgoStreetBlues-2022-646-1024x684.jpg" alt="" class="wp-image-720" srcset="https://friburgostreetblues.com.br/wp-content/uploads/2023/03/Unimed-FriburgoStreetBlues-2022-646-1024x684.jpg 1024w, https://friburgostreetblues.com.br/wp-content/uploads/2023/03/Unimed-FriburgoStreetBlues-2022-646-300x200.jpg 300w, https://friburgostreetblues.com.br/wp-content/uploads/2023/03/Unimed-FriburgoStreetBlues-2022-646-768x513.jpg 768w, https://friburgostreetblues.com.br/wp-content/uploads/2023/03/Unimed-FriburgoStreetBlues-2022-646-1536x1025.jpg 1536w, https://friburgostreetblues.com.br/wp-content/uploads/2023/03/Unimed-FriburgoStreetBlues-2022-646-2048x1367.jpg 2048w" sizes="(max-width: 1024px) 100vw, 1024px" /></figure>
</div>
</div>

</div></div>

<p>Grandes nomes locais e nacionais no MAIOR FESTIVAL serrano do gênero!</p>
